 b(s) = s**2 + 14*s + 35. Calculate b(a).
11
Let s(k) = -k**3 - 6*k**2 - 2*k + 4. Let h be (-126)/(-378)*((-1)/(-1) - 1). Suppose l + 2*u - 2 = 0, h = -56*l + 51*l - 3*u - 11. Give s(l).
-20
Suppose -2*g = -5*b - 16, 4*b - 672*g + 5 = -673*g. Let k(u) = 4*u**2 - 3*u - 12. Give k(b).
10
Let z(x) be the first derivative of -13*x**3/3 + 2*x**2 - 2*x - 11855. What is z(3)?
-107
Let g(k) be the second derivative of -k**6/360 - k**5/24 - k**4/8 + 10*k**3/3 + k**2/2 + k - 37. Let f(q) be the second derivative of g(q). Calculate f(-4).
1
Let w(v) = -v**2 - 2*v + 4. Suppose 0 = 2*o - 5*u - 62, 4*u = o + 5*u - 38. Suppose -o*q = -25*q + 33. Calculate w(q).
1
Let q(k) = k + 10. Suppose -j = 78 - 64. Let b be (-4 + 1 - 105/j)*-2. What is q(b)?
1
Suppose 0 = -m + 4*b - 105, -m + 5*b - 107 = -0*m. Let k = m + 100. Let x(n) = 0*n - n**2 + k*n + 7*n**2 + 1 - 7*n**2. What is x(-2)?
-9
Let w(m) = -4*m + 3. Let d(n) = n**2 + 5*n - 22. Let y be d(6). Let j = -51 + y. Let p = j - -10. Calculate w(p).
-9
Let s(d) = -d**3 - 10*d - 6*d + 33*d**2 - 52*d**2. Give s(-18).
-36
Let u(y) be the third derivative of 0*y + 1 - 7/60*y**5 + 7/6*y**3 - 13*y**2 + 5/12*y**4 - 1/120*y**6. Calculate u(-8).
-9
Let k(f) = 2*f**2 + 7*f. Let x(m) = -3*m**2 - 10*m - 168. Let y(t) = 2*k(t) + x(t). Determine y(11).
-3
Let r(k) = 17*k**2. Let l = 32 - -326. Suppose 8*h - l = -78. Suppose -u - h = -36. Give r(u).
17
Let s(y) = 4*y**2 - 5*y - 4. Let n be 5/(-5)*-7 + 0 + 0. Let h(c) = 9*c**2 - 12*c - 9. Let a(m) = n*s(m) - 3*h(m). Suppose -7 - 3 = -5*t. Calculate a(t).
5
Let x(i) = -i - 8. Suppose -12*p = 3*p - 240. Suppose 0 = -21*z + p*z - 25. What is x(z)?
-3
Let b be (-1)/29 + 21120/1914. Let h(u) = u**3 + u**2 - 133*u + 11. Give h(b).
0
Let g(q) = -285 + 121*q - 252*q + 165*q. Give g(9).
21
Suppose -3*o - 8 = -2*o. Let s = o - -6. Let v(w) be the first derivative of -w**2 + 2*w - 534. Calculate v(s).
6
Let t(k) = 682*k**3 - 320*k**3 + 2*k + 12 + 3*k**2 - 363*k**3. Determine t(4).
4
Let v = 282 + -278. Let x(j) = 583*j + 584*j - v - 1164*j. Give x(5).
11
Let n(j) = 37*j**3 - 36*j**3 - 10*j - 13*j**2 - 14*j. Let f(m) = m**3 - 14*m**2 - 27*m - 1. Let b(x) = 5*f(x) - 6*n(x). Calculate b(9).
-5
Let k(w) = 3*w + 3. Let p be k(0). Let f(d) be the second derivative of -d**4/12 + d**3/3 - 3*d**2/2 + 462*d. What is f(p)?
-6
Let i(p) = -26*p - 10. Let l(o) = 46*o + 25. Let q(v) = 7*i(v) + 4*l(v). Calculate q(-6).
18
Let r(g) be the third derivative of 0 + 0*g - 1/3*g**3 - 82*g**2 + 5/24*g**4. Let p(l) = -2*l**2 + l - 1. Let y be p(1). What is r(y)?
-12
Let m(n) = -3*n - 1 - 7*n**2 + 3 + 5*n + 4*n**2. Suppose 4*r - 3*r - 93 = 3*x, 0 = -4*r - 4*x + 388. Let f = 98 - r. Determine m(f).
-6
Let v = -33 + 67. Let q(g) = -41*g**2 - 2*g**3 + v*g**2 + 6 + g**3 - 1 - g. What is q(-4)?
-39
Suppose 2*j + 0*j - 4 = 0. Let c(a) be the second derivative of 18*a + 0 + 5/6*a**3 - 3/2*a**2. Determine c(j).
7
Let s(y) be the third derivative of -1/8*y**4 + 20*y + 1/30*y**5 + 1/60*y**6 + 0 - 6*y**2 + 1/2*y**3. Determine s(2).
21
Let d(a) = -10*a + 2. Let g(l) = 13*l. Let t(s) = -d(s) - g(s). Give t(2).
-8
Let o(t) = 20*t**2. Suppose 7 = 4*j - 9. Suppose -7*m = -2*f - 4*m - j, -6 = 4*f - 5*m. Let n(g) = g**3 + g**2 - 2*g + 1. Let c be n(f). Calculate o(c).
20
Let k = -21386 - -21384. Let l(z) = 66*z + 10. Give l(k).
-122
Suppose -3*b = y - 453, 4*b = -3*y + 529 + 80. Let d(o) = 292*o - b*o - 137*o. Give d(-2).
-10
Let x(c) = c + 3. Let b be x(-6). Let q be (-70)/b + -2*(-6)/(-36). Let k(l) = -81*l**2 - l**3 + 10 + q*l**2 + 30*l**2 - l + 27*l**2. Determine k(0).
10
Let w(x) = x - 4. Let v(t) = 4*t**2 - 34*t + t**3 - 8 + 30*t - 1. Let q(c) = -c**2 + 6*c - 4. Let b be q(6). Let o be v(b). Calculate w(o).
3
Let o(u) = -u**3 + u**2 + u - 3. Suppose -7*s + 10*s = -2*t - 4, 4*t = 5*s - 30. Let p be s/(-4)*0/(4 - -8). Determine o(p).
-3
Let o(v) be the second derivative of -v**4/12 + v**3/2 - v**2 + 284*v - 2. Let i = -8 + 13. Calculate o(i).
-12
Let v(x) = x**2 - x + 6. Let s(m) = -7*m**2 + 20*m - 77. Let c(q) = -s(q) - 6*v(q). Calculate c(8).
-7
Let s = 6 + -5. Let b(v) be the first derivative of -v**6/120 + v**5/30 - v**4/24 - 12*v**2 + 104. Let u(p) be the second derivative of b(p). Give u(s).
0
Let r(z) = -2*z - 24. Suppose 2*h = 2*s - 16, 4*h + 0*s = -2*s - 62. What is r(h)?
2
Let s(b) = 16*b**2 + 1. Suppose -5*n + 59 - 39 = 0, 2*n = j - 184. Let o = j - 193. What is s(o)?
17
Let c = -10 - -7. Let q(d) be the third derivative of d**2 + 0*d**4 - 1/60*d**5 - 2/3*d**3 + 0*d - 11. What is q(c)?
-13
Let s(f) = f**3 + 22*f**2 + 42*f + 31. Let k be s(-20). Let p(c) = c**2 + 17*c + 39. Calculate p(k).
-33
Let h(y) be the second derivative of -y**5/30 + y**4/24 + 2*y**3/3 + 46*y**2 + 107*y. Let d(v) be the first derivative of h(v). Give d(3).
-11
Suppose 5*b - 87 = 213. Let v = b + -64. Let u be v/8*(-1 - 5). Let q(h) = 3*h + 4. Give q(u).
13
Let o(c) = -20*c - 157. Let f(p) = 10*p + 86. Let j(i) = 13*f(i) + 7*o(i). Calculate j(5).
-31
Suppose 5*b = -2*u, 2*b - 9 = u - 0*u. Let v(a) = -4*a + a**2 + b*a - 4*a**2 - 75 + 73. What is v(-2)?
-10
Let z(y) = 6 + 2*y + 0*y - 19 + 4 + 2. Let c(k) = k**3 + 7*k**2 - 8*k + 2. Let w be c(-8). Suppose 0 = -w*g + 14 - 4. Give z(g).
3
Let f(t) be the third derivative of -t**6/120 + 7*t**5/60 + 5*t**4/24 - t**2. Give f(7).
35
Suppose -7*z + 27 = 34. Let o(l) = -7*l + 7 + 3*l + 2 - 11 - 10*l**2. What is o(z)?
-8
Let i(n) be the third derivative of -n**6/720 - 11*n**5/120 - 37*n**4/6 + n**2 + 94*n. Let d(j) be the second derivative of i(j). Give d(-15).
4
Let i(u) = 19*u**3 + u - 43*u**3 + 25*u**3 - u**2 + 0 - 4. Let k be 8/10 + (-736)/20. Let n = k - -36. Determine i(n).
-4
Let x(q) = -15*q**2 + 4*q - 2. Suppose 158*s - 185 = -27*s. Determine x(s).
-13
Let s(q) be the third derivative of q**6/120 - 7*q**5/30 + 31*q**4/24 + 23*q**3/6 + 2*q**2 + 615. Determine s(11).
1
Let t(n) = 17 - 8*n - 78 + 13*n. Calculate t(11).
-6
Let l(u) be the first derivative of 2*u**3/3 + u**2/2 + 3*u + 4836. What is l(6)?
81
Let a(m) = -4*m**3 + 6*m - 8. Let w = 137 - 134. Let o(b) = -4*b**3 + 4*b - 6. Let g(x) = w*o(x) - 2*a(x). Give g(-2).
30
Let t(z) = -z**2 - 5*z - 2. Let n(p) be the second derivative of -p**4/4 + 17*p**3/6 - 13*p**2/2 - 54*p. Let u be n(5). What is t(u)?
4
Let p(u) be the first derivative of -3*u**2 - 20*u - 2839. Determine p(-7).
22
Let p = 85 + -50. Let b be 5/(p/(-2)) - 58/(-7). Suppose -2*s + 0*q + b = 2*q, 10 = s + 3*q. Let v(j) = 4*j**3 - 2*j**2 + 2*j - 1. Calculate v(s).
3
Let m(v) = -v + 1 - 13*v + 12*v. Let k(t) = 8*t - 6. Let o(c) = -k(c) - 5*m(c). What is o(1)?
3
Suppose -45 = -5*s + n + 2*n, -s - 19 = 5*n. Suppose -w - s = -10. Let c be ((-140)/(-56))/(2/w). Let m(h) = -h**3 + 4*h**2 + 8*h - 7. What is m(c)?
8
Let a(i) = i**2 + 4*i. Suppose -4*q + q = 2*l + 8, q + 3*l = -12. Suppose q = 25*m - 21*m + 4. Let k be ((-20)/(-25))/((-2)/5) + m. Give a(k).
-3
Let z(w) = 3*w**2 - 203*w + 132. Let r be z(67). Let x(j) = -5*j**3 - 3*j**2 + 2. Give x(r).
30
Let r(z) be the second derivative of -z**5/60 + 5*z**4/8 + 53*z**3/6 - z**2 - 6*z + 4. Let t(a) be the second derivative of r(a). Calculate t(10).
-5
Let l(i) = -118*i - 1. Let j(w) = 385*w - 306. Let z(u) = -j(u) - 3*l(u). Give z(10).
-1
Let l(t) be the second derivative of 1/3*t**3 + 4*t + 1/2*t**2 + 0. Let i(v) = 7*v - 417. Let y be i(59). Calculate l(y).
-7
Suppose -89*y = -52 - 21 - 16. Let w(t) = t + 3. Give w(y).
4
Let v(j) = 2*j**2 - 3*j + 3*j**2 - 4*j**2 + 2. Let f be (115/3)/(14/(-42)). Let n = f + 121. What is v(n)?
20
Let m(x) = -46367*x - 46356*x + 92730*x - 9*x**2 - 24 - x**3. Determine m(-10).
6
Let a(c) = -c - 5. Let l be a(-8). Let u(v) = -1 - 3*v**l - v**2 - 5*v + 3*v + 2*v**3. Suppose -51 - 31 = 82*d. Determine u(d).
1
Let k(i) = -3*i + 6. Let c(z) = -10*z - 91. Let n = -509 + 499. Let f be c(n). What is k(f)?
-21
Let w(p) = -p**2 + p + 7. Let i(k) = -k**2 + 12*k - 48. Let d(s) = -i(s) + 2*w(s). Determine d(4).
6
Let h(y) = -y**3 + y**2 + 4. Let k = 2186 - 2189. Determine h(k).
40
Suppose 44*b + 6909 = 37*b. Let j be b/(-94)*(-8)/14. Let y(n) = -n**2 - 8*n + 5. Calculate y(j).
17
Let k(q) = -q**3 - 2*q**2 + q - 2. Let s(v) = -v**3 + 2*v**2 - 4*v - 20. Let o(z) = 2*k(z) - s(z). Give o(-8).
96
Let g(z) = -3*z**3 - 5*z**2 -